uppose 11*z - b = 1074. Suppose -3*f = -32 - 7. Calculate the highest common divisor of z and f.
13
Suppose -4143 = -5*j - 4*z + 4898, -5*j - 2*z = -9043. Calculate the greatest common divisor of 134 and j.
67
Suppose -13 = -6*b + 5. Suppose 0 = -o, b*u - 244 = -5*o + 584. Calculate the highest common factor of 12 and u.
12
Suppose 0*j - 4*j + 1157 = i, 2*j - 2*i - 586 = 0. Let h = -255 + j. Calculate the greatest common divisor of h and 63.
7
Let t(m) = m**3 - 6*m**2 - 3*m + 5. Let o be t(4). Let i = -4 - o. Let y(u) = -31*u - 1623. Let a be y(-58). What is the highest common factor of i and a?
35
Suppose 3*y + 5*d = 4*y - 3, -y - 3*d = 37. Let x be y/(10/8 + 9/(-12)). Let v = x + 99. Calculate the highest common factor of v and 5.
5
Suppose -4*w + 125 = q, -w - 4*w + 2*q + 140 = 0. Let z = 2542 - 2467. Calculate the greatest common factor of z and w.
15
Let w = -125 - -129. Suppose 0 = -2*g + 5*b + 50, -3*g + 6 = w*b - 23. Let c(a) = 15*a. Let j be c(2). Calculate the highest common factor of g and j.
15
Let z = 61 + -82. Let l = 51 + z. Let q = -32 - -77. Calculate the greatest common divisor of l and q.
15
Let a = 68270 + -42476. Calculate the greatest common factor of a and 9.
9
Let z(o) = -10355*o - 164735. Let f be z(-16). Suppose 36 = 4*p - 48. What is the greatest common divisor of f and p?
21
Suppose -31*c - 179*c + 1060 = 55*c. Calculate the highest common divisor of c and 196.
4
Let u = 142 - 72. Suppose 0 = 11*w - 4*w - u. Let n = w + 15. Calculate the greatest common divisor of 200 and n.
25
Let a be (18/(12/4))/((-5)/(-20)). Let d = -401 + 473. Calculate the highest common factor of a and d.
24
Let v(y) = -13*y**2 - 497*y + 267. Let m be v(-36). What is the greatest common factor of m and 2967?
69
Let a be (-30 + 3)/((-12)/8). Calculate the highest common factor of a and 8109.
9
Suppose -1136 + 13856 = 212*s. Calculate the greatest common divisor of 158 and s.
2
Suppose -3*j = -72 + 42. Suppose -4*a = 9*s - j*s - 233, 2*s - 288 = -5*a. Calculate the highest common factor of 1798 and a.
58
Suppose -2*o - 280*m + 275*m = -15375, -o + 7704 = -3*m. What is the highest common factor of o and 81?
81
Let v = 4513 + -4508. Suppose -7 = -2*r + 7. Calculate the greatest common factor of v and r.
1
Let z(n) = 3*n**3 - 32*n**2 - 40*n - 40. Let p be z(12). Calculate the greatest common divisor of p and 73192.
56
Let w(r) = r**3 - 31*r**2 + 30*r + 5. Let n be w(30). Suppose n*j = 3*p - 277, -2*p - 4*j + 148 = -0*j. Calculate the greatest common divisor of 60 and p.
12
Suppose 5*i - 106688 = -2*a, -5479*i = -5480*i - 5*a + 21356. What is the highest common divisor of 168 and i?
168
Let h(v) = -56*v + 377. Let b(t) = -27*t + 187. Let o(q) = 13*b(q) - 6*h(q). Let i be o(11). Calculate the highest common factor of i and 128.
4
Let b = -119 - -121. Let j be (20/(-5) + 6)/(b/28). Let s = -86 + 338. What is the highest common factor of s and j?
28
Suppose -24 = -9*f + 5*f. Let c be f*(35/(-10) - -4). Suppose c*s - 176 = 445. Calculate the greatest common factor of s and 23.
23
Suppose -7*g + 71 = -13. Let h be 122/5 - g/30. Suppose 0 = -6*c + 66 + h. Calculate the greatest common divisor of 165 and c.
15
Let m be (80 - 0)/(0 + 1). Let i(z) = -z**2 + 594*z + 5443. Let t be i(-9). Calculate the highest common factor of m and t.
16
Suppose 6 = 8*s + 126. Let j be 523/3 - (-5)/s. What is the highest common factor of j and 6?
6
Suppose -11*b - 657 - 1191 = 0. Let u = 174 + b. What is the highest common divisor of 12 and u?
6
Suppose j = -0 + 11. Suppose -15*c - 4224 = 20*c - 83*c. What is the highest common divisor of c and j?
11
Let d be -5*378/225*(4 + -19). What is the highest common divisor of d and 42?
42
Suppose 4*u - 2*v - 138 = 0, 3 = 3*u - 4*v - 113. Suppose -u*h + 1632 = -15*h. Calculate the greatest common divisor of h and 32.
32
Let w be 10 - (10 - (2 - -4)) - -546. Let r = w + -343. What is the highest common divisor of r and 57?
19
Let r be 1768/39*(-33)/(-22). Calculate the highest common divisor of r and 969.
17
Suppose 13*q + 43*q = 40*q + 1232. Let x be 270/12 + 2/(-4). Suppose 0 = -2*p - 0*p + x. What is the greatest common divisor of p and q?
11
Let k = -139 + 147. Suppose 0*u - 2*u = -k. Let l = -17 - -27. What is the highest common factor of u and l?
2
Let j(i) = -i**3 + 35*i**2 + 17*i - 102. Let q be j(35). Calculate the greatest common factor of 17 and q.
17
Let y(g) = -11*g + 51. Let b(j) = -56*j + 254. Let d(t) = -4*b(t) + 22*y(t). Let z be d(-19). What is the highest common factor of z and 14?
14
Let n(b) = 47*b + 36*b - 5*b**2 - 89*b - 2*b**3 - 4. Let j be n(-2). Let z be 28 - (4 - 2 - 2). Calculate the highest common divisor of z and j.
4
Let l = -464 - -468. Suppose 4 = q - 0*q - l*r, q = -2*r + 34. What is the greatest common divisor of q and 30?
6
Let v(w) = 25*w + 10. Let m(r) = r - 1. Let p be m(1). Suppose -d + 5 + 0 = p. Let i be v(d). Calculate the greatest common divisor of 15 and i.
15
Let j be 18/171 - (-72)/38. Suppose -j*q = -78 - 4. Suppose -4*f + 5*x + 467 = -0*x, -4*f - 2*x + 502 = 0. What is the highest common divisor of f and q?
41
Let h(v) = -v**3 - 33*v**2 - 7*v + 9060. Let b be h(0). What is the greatest common factor of 30 and b?
30
Suppose 114*l + 7*l - 443209 = 90401. What is the highest common factor of l and 360?
90
Let u = -2 + 4. Suppose -4*g - 40 = -2*o, -10*o = -6*o + 2*g - 110. Suppose c - o - 12 = 2*l, 0 = l + u. What is the highest common divisor of 306 and c?
34
Let f be 13 - 3/6*-548. Calculate the highest common factor of f and 820.
41
Let y = 1318 + 2587. What is the highest common factor of 55 and y?
55
Let f be 31 + -13 - 7 - -157. What is the highest common divisor of f and 192?
24
Let f be (5 - 5 - 150)*-1. Let u be 60/f - (-686)/10. Suppose -71*k + u*k = -30. What is the greatest common factor of 45 and k?
15
Suppose -3*q + 85 = -4*w, -q - 13*w + 9*w + 39 = 0. Calculate the highest common factor of 4061 and q.
31
Suppose -1257756 - 888192 = -177*g. Calculate the highest common divisor of g and 28.
28
Let j be ((-8)/48)/((-40)/1965360). Calculate the greatest common factor of j and 57.
19
Suppose -6*o = -3*c - 24, -3*o - 47 + 59 = -4*c. Calculate the greatest common divisor of o and 257.
1
Suppose 0 = 32*s - 8871 - 40569. Calculate the greatest common divisor of s and 15.
15
Suppose 5*d + g - 96 = -1, -2*d = -5*g - 11. Suppose 8*w - 2*j = 7*w + 224, -2*w + 9*j + 423 = 0. What is the highest common divisor of d and w?
18
Let u = -47872 + 48088. Let z be (0 - 1) + (-1 - -2). Suppose 3*s - 50 - 31 = z. Calculate the greatest common factor of u and s.
27
Suppose 2*j - j - 26 = 0. Let k be -10 + (-2321)/(-99) + 4/(-9). What is the highest common factor of k and j?
13
Suppose 11*d = 8*d - 3*f + 27, 3*f - 11 = d. Let v be d - (28/4 + -18). Calculate the highest common factor of v and 95.
5
Let u = 235 - 129. Suppose 5*g - u = -56. Let l = g - 7. Calculate the greatest common divisor of l and 5.
1
Suppose 0 = -5*a + 2*o + 364, 0 = -3*a + 4*o - 2*o + 216. Suppose a = -5*m + 7*m - 2*k, -29 = -m - k. What is the highest common factor of 363 and m?
33
Let l be -1*159*4/6. Let b be 4/(-4 - l/26). Let a = b + -36. What is the greatest common divisor of a and 32?
16
Suppose 5*z - 2*h - 21 = 0, 2*z + 5*h = h + 18. Suppose -z*a - 1254 = -11*a. Calculate the greatest common factor of 57 and a.
19
Let c be (-21)/((-189)/120)*(-9)/(-6). Let a = 72 - 32. What is the highest common factor of c and a?
20
Suppose 2*b - 5*m = 118, -b = -16*m + 17*m - 52. What is the highest common divisor of b and 36?
18
Suppose 5 + 10 = 5*d. Let v(a) = 4*a**3 - a**2 + a + 3. Let b be v(3). Suppose 9*g + b = 14*g. Calculate the greatest common factor of d and g.
3
Let d(f) = 2*f - 9. Let s be d(7). Suppose 5*a = 3*b + 102, 31*a - 27*a = -s*b + 52. What is the greatest common divisor of a and 144?
18
Let l(t) = 2*t**2 + 10*t + 10. Let k be l(-4). Let i(p) = -16*p**k + p - 4 + 17*p**2 + 6. Let o be i(-2). Calculate the highest common divisor of o and 20.
4
Let k be (2 + -1)/(16 - 14) + (-4684)/(-8). Calculate the highest common divisor of 7911 and k.
293
Let x(d) be the third derivative of 11*d**4/24 - d**3/3 + 2*d**2. Let j be x(7). Let t = 6345 + -6330. Calculate the greatest common factor of t and j.
15
Suppose -48*i = -